{"id":46,"date":"2023-08-03T17:49:31","date_gmt":"2023-08-03T17:49:31","guid":{"rendered":"https:\/\/v2033.de\/?page_id=46"},"modified":"2024-03-29T19:14:49","modified_gmt":"2024-03-29T19:14:49","slug":"biotechnik","status":"publish","type":"page","link":"https:\/\/v2033.de\/index.php\/biotechnik\/","title":{"rendered":"Biotechnik"},"content":{"rendered":"\n<p>Die bestehenden biotechnischen Verfahren sind nachvollziehbar dokumentiert und im Internet einfach zu finden. <\/p>\n\n\n\n<hr class=\"wp-block-separator has-alpha-channel-opacity\"\/>\n\n\n\n<p>Die konsequente Entnahme der verdeckelten Brut wird empfohlen. Dieses Verfahren ist einer durchgehenden Betriebsweise am n\u00e4chsten. Insbesondere wird dabei die fr\u00fchzeitige Varroavermehrung unterbunden und eine durchgehend varroaarme Haltung der Bienenv\u00f6lker ohne Varroamittel erreicht. Die Grundlage f\u00fcr die Ausf\u00fchrungen ist die Doktorarbeit von Dr. Jens Radtke, welche auch als <a href=\"https:\/\/v2033.de\/index.php\/biotechnik\/buchempfehlung-dr-jens-radtke\/\" data-type=\"link\" data-id=\"https:\/\/v2033.de\/index.php\/biotechnik\/buchempfehlung-dr-jens-radtke\/\" target=\"_blank\" rel=\"noreferrer noopener\">Taschenbuch<\/a> erschienen ist. <\/p>\n\n\n\n<div class=\"wp-block-file\"><a id=\"wp-block-file--media-7e43452b-f2f4-490e-adc8-5baaca7aff4b\" href=\"https:\/\/v2033.de\/wp-content\/uploads\/2024\/03\/2024-03-29-Konsequente-Entnahme-verdeckelter-Brut-v4.pdf\">2024-03-29-Konsequente-Entnahme-verdeckelter-Brut-v4<\/a><a href=\"https:\/\/v2033.de\/wp-content\/uploads\/2024\/03\/2024-03-29-Konsequente-Entnahme-verdeckelter-Brut-v4.pdf\" class=\"wp-block-file__button wp-element-button\" download aria-describedby=\"wp-block-file--media-7e43452b-f2f4-490e-adc8-5baaca7aff4b\">Herunterladen<\/a><\/div>\n\n\n\n<hr class=\"wp-block-separator has-alpha-channel-opacity\"\/>\n\n\n\n<p>Das Bieneninstitut Kirchhain hat eine Reihe von <a href=\"https:\/\/llh.hessen.de\/bildung\/bieneninstitut-kirchhain\/imkerei-wissen\/bienengesundheit\/varroa\/behandlung\/\" data-type=\"link\" data-id=\"https:\/\/llh.hessen.de\/bildung\/bieneninstitut-kirchhain\/imkerei-wissen\/bienengesundheit\/varroa\/behandlung\/\" target=\"_blank\" rel=\"noreferrer noopener\">Handreichungen<\/a> f\u00fcr biotechnische Verfahren, bspw. die <a href=\"https:\/\/llh.hessen.de\/bildung\/bieneninstitut-kirchhain\/imkerei-wissen\/bienengesundheit\/varroa\/behandlung\/337_komplette-brutentnahme\/\" data-type=\"link\" data-id=\"https:\/\/llh.hessen.de\/bildung\/bieneninstitut-kirchhain\/imkerei-wissen\/bienengesundheit\/varroa\/behandlung\/337_komplette-brutentnahme\/\" target=\"_blank\" rel=\"noreferrer noopener\">komplette Brutentnahme<\/a>, das <a href=\"https:\/\/llh.hessen.de\/bildung\/bieneninstitut-kirchhain\/imkerei-wissen\/bienengesundheit\/varroa\/behandlung\/314_bannwabe\/\" data-type=\"link\" data-id=\"https:\/\/llh.hessen.de\/bildung\/bieneninstitut-kirchhain\/imkerei-wissen\/bienengesundheit\/varroa\/behandlung\/314_bannwabe\/\" target=\"_blank\" rel=\"noreferrer noopener\">Bannwabenverfahren<\/a> und das <a href=\"https:\/\/llh.hessen.de\/bildung\/bieneninstitut-kirchhain\/imkerei-wissen\/bienengesundheit\/varroa\/behandlung\/342_kaefigen_behandeln\/\" data-type=\"link\" data-id=\"https:\/\/llh.hessen.de\/bildung\/bieneninstitut-kirchhain\/imkerei-wissen\/bienengesundheit\/varroa\/behandlung\/342_kaefigen_behandeln\/\" target=\"_blank\" rel=\"noreferrer noopener\">K\u00e4figen<\/a> von K\u00f6niginnen.  <\/p>\n\n\n\n<p>Aus der Praxis werden Probleme mit diesen Verfahren berichtet, die nicht aus den Untersuchungen hervorgehen. Beispielsweise wird berichtet, dass nach Absperren der K\u00f6nigin, diese aus der Eilage gehen, nach Freilassung nur noch Drohneneier legen und eine relevante Anzahl von K\u00f6niginnen abgestochen werden. <\/p>\n\n\n\n<p>Alle Verfahren sind <strong>nicht<\/strong> in einer durchgehenden Betriebsweise integriert, so dass es jedem selber \u00fcberlassen bleibt mit diesen Verfahren zu experimentieren.<\/p>\n\n\n\n<hr class=\"wp-block-separator has-alpha-channel-opacity\"\/>\n\n\n\n<p>29. M\u00e4rz 2024 G\u00f6khan Gebel<\/p>\n","protected":false},"excerpt":{"rendered":"<p>Die bestehenden biotechnischen Verfahren sind nachvollziehbar dokumentiert und im Internet einfach zu finden. Die konsequente Entnahme der verdeckelten Brut wird empfohlen. Dieses Verfahren ist einer durchgehenden Betriebsweise am n\u00e4chsten. Insbesondere wird dabei die fr\u00fchzeitige Varroavermehrung unterbunden und eine durchgehend varroaarme Haltung der Bienenv\u00f6lker ohne Varroamittel erreicht. Die Grundlage f\u00fcr die Ausf\u00fchrungen ist die Doktorarbeit von <a href=\"https:\/\/v2033.de\/index.php\/biotechnik\/\" class=\"more-link\">...weiterlesen<span class=\"screen-reader-text\"> \"Biotechnik\"<\/span><\/a><\/p>\n","protected":false},"author":1,"featured_media":0,"parent":0,"menu_order":0,"comment_status":"closed","ping_status":"closed","template":"","meta":{"footnotes":""},"class_list":["post-46","page","type-page","status-publish","h-entry","hentry","h-as-page"],"_links":{"self":[{"href":"https:\/\/v2033.de\/index.php\/wp-json\/wp\/v2\/pages\/46","targetHints":{"allow":["GET"]}}],"collection":[{"href":"https:\/\/v2033.de\/index.php\/wp-json\/wp\/v2\/pages"}],"about":[{"href":"https:\/\/v2033.de\/index.php\/wp-json\/wp\/v2\/types\/page"}],"author":[{"embeddable":true,"href":"https:\/\/v2033.de\/index.php\/wp-json\/wp\/v2\/users\/1"}],"replies":[{"embeddable":true,"href":"https:\/\/v2033.de\/index.php\/wp-json\/wp\/v2\/comments?post=46"}],"version-history":[{"count":14,"href":"https:\/\/v2033.de\/index.php\/wp-json\/wp\/v2\/pages\/46\/revisions"}],"predecessor-version":[{"id":269,"href":"https:\/\/v2033.de\/index.php\/wp-json\/wp\/v2\/pages\/46\/revisions\/269"}],"wp:attachment":[{"href":"https:\/\/v2033.de\/index.php\/wp-json\/wp\/v2\/media?parent=46"}],"curies":[{"name":"wp","href":"https:\/\/api.w.org\/{rel}","templated":true}]}}